?
-2334104
In base 8, what is -77254 + 27?
-77225
In base 16, what is -4 + 19ea?
19e6
In base 2, what is -10111 + -101001111001000?
-101001111011111
In base 10, what is -46739 + 3?
-46736
In base 10, what is 7581 - -122?
7703
In base 16, what is -4 - -188?
184
In base 14, what is -2 - -11460a?
114608
In base 16, what is 123e8 + -1b?
123cd
In base 2, what is -11100001110011111 - -10?
-11100001110011101
In base 5, what is 12112122 - -1?
12112123
In base 12, what is -758485 - 5?
-75848a
In base 5, what is -4240 - 441?
-10231
In base 13, what is 92c5 + 1?
92c6
In base 5, what is 1201 - -4222?
10423
In base 2, what is 1111011011010101010 + 0?
1111011011010101010
In base 13, what is 16 + 5a04?
5a1a
In base 10, what is 10410 + 2?
10412
In base 7, what is -11436 + 25?
-11411
In base 9, what is 287 - -231?
528
In base 16, what is -51 + -3f8?
-449
In base 2, what is -1011010100 - -101001100001?
11110001101
In base 14, what is -991 + 3a?
-955
In base 4, what is 332000 + 123?
332123
In base 3, what is -1 - 200212?
-200220
In base 4, what is -2202 - -101303?
33101
In base 9, what is -7561046 - -1?
-7561045
In base 16, what is -1df + 1b8?
-27
In base 5, what is -100 + -20333203?
-20333303
In base 2, what is -10000001011010000 - 11?
-10000001011010011
In base 2, what is -110100110 - 110110?
-111011100
In base 15, what is -86b - 8b?
-907
In base 2, what is -111000100 - -11011000?
-11101100
In base 16, what is -c + 311?
305
In base 16, what is 74f7 + -aa?
744d
In base 12, what is 1178 - 0?
1178
In base 3, what is 1110202 - 100010?
1010122
In base 9, what is 2661552 + 4?
2661556
In base 8, what is -2037 - 164?
-2223
In base 4, what is 1032210 + 221?
1033031
In base 9, what is 1 - -1760665?
1760666
In base 6, what is 3 + 54502?
54505
In base 8, what is 175 + -47703?
-47506
In base 4, what is 12 + -1131031?
-1131013
In base 2, what is -11110011000 + -1011?
-11110100011
In base 10, what is -18 - -40932?
40914
In base 12, what is -5 - 3143?
-3148
In base 12, what is 313 - -63?
376
In base 7, what is 1321514 + -4?
1321510
In base 5, what is 41 - 220033?
-214442
In base 5, what is 32 + -1303243?
-1303211
In base 3, what is -12010112000 + 202?
-12010111021
In base 12, what is 460 - -2ba9?
3449
In base 14, what is -42 - b09?
-b4b
In base 16, what is 1c2a - -4?
1c2e
In base 15, what is 49 + 107a?
10c4
In base 6, what is 3045 - -3211?
10300
In base 4, what is -2202202 + -1?
-2202203
In base 16, what is -b4 - -4f?
-65
In base 9, what is 534084 - -3?
534087
In base 15, what is -d6e + -ce?
-e4d
In base 7, what is -2433153 + 3?
-2433150
In base 2, what is -111 - -11100110100000?
11100110011001
In base 13, what is 50c - 25?
4b7
In base 6, what is -4 - -205152?
205144
In base 11, what is 431489 - -3?
431491
In base 4, what is 0 - -33202023?
33202023
In base 9, what is -60730 + 2?
-60727
In base 3, what is 1200 + 12212211?
12221111
In base 13, what is -b3571 - 0?
-b3571
In base 12, what is 16a9 - 1a8?
1501
In base 5, what is 4 + 311320?
311324
In base 5, what is 40214 + 14324?
110043
In base 16, what is -68 + -6d?
-d5
In base 15, what is 1711 + -4cb?
1235
In base 3, what is -100221 - 222?
-101220
In base 7, what is -12631534 - 4?
-12631541
In base 10, what is 3 + -1375118?
-1375115
In base 8, what is 37 - -24543?
24602
In base 13, what is 44 + -44c?
-408
In base 3, what is -222 + -21011201?
-21012200
In base 6, what is 111432 + 30?
111502
In base 8, what is 0 - -55631?
55631
In base 2, what is -1011011 + 10111111010100?
10111101111001
In base 6, what is -34 + 41250?
41212
In base 11, what is 46a26 - -17?
46a42
In base 11, what is -5 - -4502?
44a8
In base 13, what is -b7cc26 - -1?
-b7cc25
In base 11, what is -1487 + -143?
-161a
In base 11, what is 3a915 - -1?
3a916
In base 6, what is -3501 + 203?
-3254
In base 2, what is 10100000111 + -100?
10100000011
In base 7, what is 32403 + -163?
32210
In base 5, what is -4430 - 243?
-10223
In base 4, what is 11 - 1330110313?
-1330110302
In base 2, what is -1010100101 + 101011011?
-101001010
In base 6, what is 2 - 251423?
-251421
In base 8, what is -5 + 156304?
156277
In base 10, what is 6 + 24030?
24036
In base 14, what is 1c1 - -1?
1c2
In base 16, what is 1b + -f11?
-ef6
In base 16, what is 1d0 - 2?
1ce
In base 9, what is 17 + -22272?
-22254
In base 6, what is 1 - 135334?
-135333
In base 6, what is -12 + 35152?
35140
In base 3, what is 2212 + -122002212?
-122000000
In base 6, what is 100255 - 10?
100245
In base 14, what is 45 - -cd8?
d3d
In base 15, what is 1d8b - 99?
1ce2
In base 4, what is -103 - -31132103?
31132000
In base 12, what is -23868 - -6?
-23862
In base 10, what is -165637 + 5?
-165632
In base 10, what is -1808519 - 2?
-1808521
In base 6, what is 1054 - 21?
1033
In base 5, what is 21 - 1331244?
-1331223
In base 14, what is 35417 + 3?
3541a
In base 5, what is 2122400 + 233?
2123133
In base 12, what is -18161 - 1?
-18162
In base 4, what is -100 + -102132310?
-102133010
In base 6, what is -5 - 203231?
-203240
In base 16, what is 32 + 1ba4?
1bd6
In base 9, what is 2 - 37327?
-37325
In base 11, what is 324025 + 5?
32402a
In base 12, what is -3 + -46024?
-46027
In base 12, what is 2799 + -5?
2794
In base 12, what is -2 - -5a56b?
5a569
In base 8, what is -73 - 103?
-176
In base 7, what is 12303 + 30?
12333
In base 3, what is -10 + -201021100?
-201021110
In base 11, what is 4a - 737?
-698
In base 7, what is 10433 + -245?
10155
In base 3, what is -22210212201 - 1002?
-22210220210
In base 3, what is -20220 + 122010011?
121212021
In base 5, what is 233 + -34423?
-34140
In base 7, what is -51 + 152?
101
In base 15, what is -1 - 828a5?
-828a6
In base 12, what is 618 + 243?
85b
In base 2, what is 1011110101 - -10011001?
1110001110
In base 3, what is -20021120002 + -1?
-20021120010
In base 14, what is 725d + -1?
725c
In base 10, what is 30 + 18470?
18500
In base 7, what is 635 + 13400?
14335
In base 8, what is 3 - -27131?
27134
In base 6, what is -42 + 233441?
233355
In base 11, what is 826 + 3?
829
In base 4, what is 21 + -230013202?
-230013121
In base 8, what is -5003751 + -1?
-5003752
In base 3, what is 12121 - 120022?
-100201
In base 9, what is 107 - -584?
702
In base 16, what is 26c - ed5?
-c69
In base 13, what is -99 - -18b?
c2
In base 10, what is -108 - 92?
-200
In base 7, what is 1144642 - 12?
1144630
In base 2, what is -101101111000 - 10000?
-101110001000
In base 10, what is -5 - -42294?
42289
In base 15, what is -594a3 + -5?
-594a8
In base 14, what is -44198 + 5?
-44193
In base 15, what is 84cc + 84?
8561
In base 14, what is 5 + -1412?
-140b
In base 6, what is 444033 - 2?
444031
In base 15, what is -46ad + -94?
-4752
In base 14, what is 4 - -6090?
6094
In base 6, what is 13 - -11105551?
11110004
In base 4, what is -13121301332 - -2?
-13121301330
In base 7, what is 50 - 353305?
-353225
In base 5, what is -2244010 + 34?
-2243421
In base 8, what is -10144 - -6?
-10136
In base 13, what is -1 + 1628b3?
1628b2
In base 10, what is -126775 - -3?
-126772
In base 3, what is -2000220 - -20200?
-1210020
In base 5, what is 0 - 44431002?
-44431002
In base 4, what is -1200231 + -111?
-1201002
In base 6, what is -2 + 5255252?
5255250
In base 15, what is 3 + 14b7?
14ba
In base 3, what is 0 + 1210110120202?
1210110120202
In base 3, what is -1200021201200 + -11?
-1200021201211
In base 3, what is -112010 - -101?
-111202
In base 11, what is 2088341 + -2?
208833a
In base 14, what is 8 + -1d94d?
-1d945
In base 8, what is -347125 - -1?
-347124
In base 5, what is -233101 + 10?
-233041
In base 8, what is -1 + 433670?
433667
In base 7, what is -2166 - 1005?
-3204
In base 9, what is -58768 + -32?
-58811
In base 12, what is -1 + 316?
315
In base 3, what is 121222220 + 10?
122000000
In base 2, what is 11 + 10101101000110011?
10101101000110110
In base 11, what is -45314 + 2?
-45312
In base 10, what is -4 - 86176?
-86180
In base 3, what is -202 - 10101111?
-10102020
In base 14, what is 26b - 180?
cb
In base 12, what is -2b036 - 3?
-2b039
In base 4, what is -30 + -111230211?
-111230301
In base 13, what is -923 + -11?
-934
In base 13, what is 0 + a905?
a905
In base 5, what is -20134 + -12?
-20201
In base 7, what is 1 + -2415203?
-2415202
In base 3, what is 1010 + 20221?
22001
In base 5, what is 21030 - 23?
21002
In base 13, what is -b2 - -35?
-7a
In base 8, wh